6 - (-58 - 2)?
30
What is the value of (0 - -4) + (2 + -3 - (12 - 9))?
0
Calculate (-1 - (0 + 2)) + (-20 - -26).
3
Calculate 4 - (-2 + -6 + 1).
11
(-13 - (-4 - 6) - 0) + -14
-17
What is -5 + (-7 + 18 - 0 - -1)?
7
Evaluate 9 + 9 + -27 + (-3 - -11) + 16.
15
Calculate 0 + -36 - ((-8 - 2) + 34 + -28).
-32
What is 23 - ((41 - 64) + 14)?
32
-6 + ((-5 - -8) + -1 - 10)
-14
What is -24 + (-12 - -23) + 21 - (9 - -2)?
-3
What is 1 + (1 + -3 + (2 - -5) - 8)?
-2
Evaluate 5 + 13 + -1 - (17 + -9).
9
20 + 1 + 2 + (-84 - -76)
15
What is (-28 - -16) + 5 - -1?
-6
Evaluate 2 + -19 - (-11 - (18 + (-42 - -22))).
-8
What is (-359 - -361) + 22 + 0?
24
What is the value of (83 - 29) + -38 - (-9 + 1)?
24
What is the value of -8 + (-53 + 66 - (-2 - 13))?
20
What is the value of (-1 + 4 - (-5 - -19)) + -2?
-13
-15 + 0 - -6 - -10
1
What is 16 + (-15 + 5 + 5 + -6 - -8)?
13
Evaluate (14 - 17) + (-8 + 0 - 0).
-11
4 - (-7 - (10 - (23 - 18)))
16
11 + (8 + -18 - -10) - 32
-21
Calculate (2 - 7) + -25 + (-20 - -37).
-13
What is -14 - (-5 + -4 - (-29 - -12))?
-22
Evaluate -1 + (1 - 3) - (60 + -65).
2
What is the value of 6 + (1 - 4 - (-4 + 9))?
-2
What is 12 + (-23 + -6 - -12)?
-5
Evaluate (22 - (-12 - -2 - -16)) + -5.
11
What is the value of (-8 - (2 + -7) - (9 - 3)) + -8?
-17
What is -319 + 334 + (-33 - (0 - -2))?
-20
-9 - ((-34 - -15) + 6)
4
Calculate -5 + (13 - 22) + -1.
-15
What is 1 - ((11 - (0 - -17)) + 8)?
-1
What is 15 - (-9 + 25) - (5 - -13)?
-19
3 + -14 - (1 - (26 - (-2 - 0)))
16
10 + -16 + 8 + -1 + -8
-7
Evaluate 19 - (-16 + 15) - 1 - -9.
28
Evaluate -2 - (-2 + 3) - (10 - (16 + 8)).
11
What is 14 - -7 - (-30 + 25)?
26
What is the value of (40 - 67) + -9 + 18?
-18
Evaluate -13 + -3 + 0 - -10 - 3.
-9
What is the value of -5 - 15 - (-10 - 10)?
0
Evaluate (-29 + (14 - -4) - -27) + 10.
26
Evaluate -2 - 8 - (-14 - -32 - 15 - 3).
-10
What is the value of (30 - 25) + (-1 + -6 - -19)?
17
Evaluate 21 + -8 + (-4 - (0 + 2)) - 20.
-13
Evaluate -508 - -499 - (-1 + -8).
0
Calculate -1 + 2 - (33 + -35) - 16.
-13
-1 + 4 - -3 - 0 - -16
22
Calculate -7 - (3 - (-1 - 2) - (3 - 6)).
-16
(-11 + 13 - (15 - -2)) + -2
-17
What is the value of -19 - (-316 + 322 - (18 - -1))?
-6
2 - -1 - (32 + -3 + -24)
-2
What is the value of -7 + (-1 - -2) - (-25 - -23 - 15)?
11
Evaluate -7 + -19 + 36 - 21.
-11
7 + -18 + -4 + 16 + -6 + -1
-6
Calculate (-4 - -20) + (-17 - -11).
10
Calculate (4 - 0) + 0 + (-46 - (-26 + -4)).
-12
What is -2 + 17 - (38 + -30)?
7
Evaluate -6 + 10 + (6 - 9) - 0.
1
Evaluate 93 - 118 - (-24 - 4).
3
Calculate 11 - 17 - (-9 - 3 - -5).
1
3 - (2 + 5 + -6 - -7) - -4
-1
What is 1 - 10 - (-19 + 10)?
0
Calculate (13 - (-9 + 1)) + -11 + (-3 - -2).
9
Calculate (171 - 150) + (1 - (5 + 3)).
14
-4 + (2 + (-7 - -8 - 6) - 0)
-7
What is the value of -3 + (-11 - -9) + -14?
-19
Evaluate -8 - (5 + 2 + -16).
1
What is (-3 - -1) + 29 - (68 + -44 - 22)?
25
Evaluate 37 + -15 - (4 - -3).
15
Evaluate -24 + (-15 - -8 - -6) + 8.
-17
Evaluate (-16 - ((10 - 3) + -20)) + 8.
5
22 + -29 + 12 - -6
11
Evaluate -21 - (-47 - -19) - 19.
-12
Calculate 17 + 26 + -29 + -14.
0
What is 1 + 0 + (-3 + 21 - 10 - -4)?
13
Evaluate -15 + 0 - (30 - (102 - 86)).
-29
What is the value of 52 + -35 + -5 + (0 - 29)?
-17
What is the value of (-4 - 0) + (-10 + (9 - -4) - 4)?
-5
Calculate -22 + -6 + 20 + -4.
-12
What is (-44 + 20 - -12) + (-1 - -4)?
-9
What is 3 + (-5 - (-4 + (-3 - -7)))?
-2
What is the value of 15 + -11 + 0 - (2 - (2 + 0))?
4
Evaluate 1 + 2 - (83 + -74).
-6
Calculate -11 - (16 - (3 + 6 - -19)).
1
What is (-15 - 5) + 22 + 2 + -4 + 12?
12
Calculate -1 + 12 + (-12 - -15 - 10).
4
What is (0 - -1 - -7) + -15 + 17?
10
-11 + -7 + (17 - 11)
-12
What is 3 + -10 + -5 - -12?
0
0 + 3 - (-4 + -1 + 13) - -6
1
What is the value of 6 + (-1 + -6 - 8 - -3) + 0?
-6
What is the value of 5 + -17 + 18 + -1?
5
Evaluate 1 + (6 - (5 - -7)) + 3.
-2
Evaluate -6 + (10 - -7) - 1.
10
Evaluate 3 + -6 + -9 + 22.
10
What is (12 - (4 + -12)) + -11?
9
(-1 - ((2 - (-8 + 5)) + -11)) + -7
-2
What is the value of -4 + (1 - 14) + (-25 - -9) + 11?
-22
Evaluate 3 - (-6 + (-4 - -7) + 3 + 4).
-1
What is the value of (1 - (-6 - -2)) + 29 + -31 + -15?
-12
-23 - -22 - (3 - -4)
-8
Evaluate -12 - (-57 - (-6 - (8 + -5))).
36
What is 1 + 1 + 13 + 3 + -11 + 19?
26
Calculate -8 + 33 + -27 + 15.
13
Evaluate 23 + (-34 - (-30 - -29)).
-10
What is 30 + -8 + -13 - (-6 + 1)?
14
What is (47 + -39 - 4) + -20?
-16
Evaluate -2 + 2 + -5 + 9.
4
What is the value of -9 - -20 - 5 - 14?
-8
Calculate (8 - 21 - 1) + 23.
9
Calculate -5 - ((10 - 7 - -3) + 17).
-28
Calculate -9 + 3 + -1 + -129 + 132.
-4
(6 - (4 - (7 + -12))) + -1 + -4
-8
What is the value of (1 - 14) + 4 - (-35 + (-9 - -6))?
29
-11 + (24 + -32 - -3)
-16
What is 9 + (3 - (8 + 3) - -5)?
6
Evaluate (-24 - -1) + -138 + 153.
-8
Evaluate 13 + -28 + 11 + 23.
19
What is the value of 23 + -6 + -21 - -8?
4
What is (4 - (7 - -6)) + 13?
4
Evaluate (0 - -2) + -4 - (12 - 18).
4
What is the value of 1 - (3 + -1) - 3?
-4
What is the value of -11 + -12 + (-3 - -45) - 2?
17
What is the value of -3 - (-16 + 14 + -18)?
17
What is -7 + 39 + -9 - 25?
-2
What is the value of (3 - -3 - -4) + 45 - 16?
39
Evaluate -1 - (-3 + 59) - (-513 + 495).
-39
What is -59 + 52 + -1 + -2 + (11 - 11)?
-10
What is -1 - (-22 - (0 + (-3 - 4)))?
14
Calculate 39 + -12 + (0 + -5 - 5).
17
168 - 159 - ((-6 - (0 - -2)) + 2)
15
2 - 10 - -13 - -5
10
Evaluate 15 - (-2 + (17 + -12 - 6)).
18
Evaluate 26 + -25 + 18 + -22.
-3
Evaluate 17 + -6 - (13 + -5).
3
What is 0 - 0 - 1 - (-16 - (-17 + -4))?
-6
What is the value of (39 - -15) + (6 - 36)?
24
What is (-3 + 1 - (-1 - 0)) + -11?
-12
Calculate (-18 - -4) + 13 + (-5 - 0) - -18.
12
Calculate -13 - -22 - (42 - 13).
-20
What is 41 + (-37 + 6 - -6)?
16
Calculate 2 + 10 + 31 + -79.
-36
What is -26 + 0 + (28 - (-56 + 75))?
-17
-10 - (-3 - (31 + -31 - (-2 - -4)))
-9
258 + -233 - (0 - -9)
16
What is (10 - 5) + -13 - -17 - (-2 + -1)?
12
Calculate -13 + -5 + 10 + -5.
-13
Evaluate -7 + (16 - 8) + -18 + 6.
-11
What is 10 - (-11 - (8 + -22 - -3))?
10
What is the value of -2 + (28 + -26 - -16)?
16
What is the value of 4 + 5 + -9 + (4 - 2) + 10?
12
What is the value of -3 - (-1 - 1) - (29 + -41 + 8)?
3
What is 17 + (-28 - -17 - 6)?
0
Calculate -10 + 0 + (23 - (-19 - -24)).
8
What is the value of 14 + -8 + (-1 - 5)?
0
Evaluate 0 + -13 - (565 + -562).
-16
Calculate 11 - (-2 - -1) - (-8 - (19 + -20)).
19
(-5 - 0) + 2 + (-4 - (-4 - -7))
-10
What is the value of 1 + -2 + 14 + (-2 - -12) + 0?
23
Calculate (-7 - -2) + 12 + (19 - 16) + -16.
-6
Evaluate -2 + -3 + -2 - (-26 + (34 - 16)).
1
What is the value of -3 + -3 - (6 - (-12 + 13 + -12))?
-23
What is 7 + (-6 - 2 - 8) + 0?
-9
What is the value of -15 - (-27 + 15) - -5 - -7?
9
-1 - 16 - (-6 - (-21 - -10) - 8)
-14
What is the value of 23 + 3 + -19 - 15?
-8
Evaluate 8 - (1 + (-7 + -4 + 28 - 3)).
-7
(17 - (15 - (19 + -20))) + (3 - -1)
5
What is the value of 8 + -21 + 8 - (-17 - -1)?
11
What is the value of -121 + 130 - (20 + 0)?
-11
What is the value of 10 + -1 + -11 + -1?
-3
Evaluate -3 + 16 - (4 + 1 + -2 + -1).
11
Evaluate 6 + (-3 + (-10 - -6 - -10) - -5).
14
Evaluate (3 - 5 - (1 + -6)) + 5.
8
-2 + (-4 - (16 - (-6 + 15)))
-13
Evaluate 40 + -18 + -32 + 25.
15
What is 2 + 7 - (16 + -21 + 20)?
-6
What is the value of 1 - 14 - (71 + -68)?
-16
Evaluate 3 - (6 - -7 - 9) - -7 - 30.
-24
Evaluate 1 + 0 - (-9 + 15 - 23 - -9).
9
Evaluate -5 + -2 - -20 - (3 - (-5 - -1)).
6
What is the value of 9 - 0 - (39 + -52 + 26) - -19?
15
What is 8 - (-8 + -5 + 4 + 16)?
1
Calculate (9 - (-8 - 10)) + -10.
17
What is the value of -5 + (9 - (3 - 1)) + -4?
-2
(5 - 13) + 15 + (-2 - 3) + 10
12
What is the value of -14 + (-13 - -26) + (2 - -5)?
6
Calculate (-1 - (-13 - -2)) + (-12 + -4 - -5).
-1
16 + -3 + 9 + -5 + -6 + -2
9
Calculate 10 + (2 + -22 - 3).
-13
Evaluate 11 + (-66 + 17 - -41).
3
43 + -14 + -10 - (-8 + 1) - 4
22
What is 736 - 728 - (1 + 3 + 25)?
-21
Calculate (2 - -8 - 8) + 3 - (-5 - 1).
11
Calculate 2 + 9 + 21 + (-3 - 11) + -3.
15
What is (-17 - (8 + -19) - (0 + -6)) + 17?
17
Evaluate 53 + -44 - (3 + 0).
6
Calculate -73 + (-28 - -73) + 5 + 0.
-23
Evaluate (-12 - (-7 - 16)) + 0 + -4 - -9.
16
Evaluate -12 + (18 + -15 - -9) + -23.
-23
What is 5 - ((-1 - -10) + 16 + 10 + -5)?
-25
What is 12 - (-1 + 2 + -17 + 6)?
22
-10 + (13